782912?
384
Calculate the greatest common divisor of 6 and 3047541.
3
Calculate the highest common factor of 9455 and 155672.
61
Calculate the highest common factor of 109 and 836575.
109
What is the highest common divisor of 47232 and 918144?
1152
Calculate the greatest common divisor of 247754 and 243022.
338
What is the highest common factor of 3397233 and 27?
3
Calculate the highest common divisor of 9 and 10167.
3
What is the highest common factor of 320505 and 15?
15
What is the greatest common divisor of 1543 and 31410851?
1543
Calculate the greatest common factor of 942 and 188335002.
942
Calculate the highest common factor of 3258 and 16057053.
1629
Calculate the highest common divisor of 336778 and 6526.
26
What is the greatest common factor of 412180736 and 99?
11
What is the highest common divisor of 39 and 13593762?
39
Calculate the highest common divisor of 10 and 3996095.
5
What is the greatest common divisor of 120 and 643761780?
60
What is the highest common divisor of 107 and 150386360?
107
What is the greatest common factor of 115 and 300446746?
23
Calculate the greatest common divisor of 1407 and 459930813.
201
What is the highest common factor of 41325 and 482500?
25
What is the greatest common factor of 75156 and 136104?
12
What is the highest common divisor of 3458382 and 1027182?
6078
Calculate the greatest common divisor of 47486169 and 1873.
1873
Calculate the greatest common factor of 21740 and 861219230.
10870
What is the highest common divisor of 5027 and 1031?
1
What is the greatest common divisor of 284705184 and 1854?
618
Calculate the greatest common factor of 22763 and 78390689.
221
What is the highest common divisor of 396 and 24106324?
44
Calculate the greatest common divisor of 13316550 and 10.
10
What is the greatest common factor of 262095 and 200?
5
Calculate the greatest common divisor of 6576 and 3418698.
822
What is the highest common divisor of 688593 and 72357?
267
What is the greatest common factor of 10734096 and 648168?
2712
What is the greatest common factor of 890397853 and 1103?
1103
What is the greatest common divisor of 520 and 3647410?
130
Calculate the greatest common factor of 105 and 963315.
15
What is the greatest common factor of 13 and 1608677369?
13
Calculate the greatest common divisor of 32065 and 7315.
55
What is the highest common divisor of 153090 and 3840?
30
What is the highest common divisor of 14887815 and 15?
15
Calculate the greatest common factor of 11 and 196333.
1
Calculate the greatest common factor of 17737540 and 251120.
1460
What is the highest common factor of 2346499 and 22019?
227
Calculate the greatest common factor of 858070 and 198220.
530
What is the greatest common divisor of 5128720 and 8620?
20
Calculate the highest common factor of 2319045 and 19513.
1501
Calculate the greatest common factor of 407865 and 189.
3
Calculate the greatest common divisor of 1456235544 and 304.
152
Calculate the greatest common factor of 1068506403 and 283.
283
Calculate the highest common divisor of 576 and 24944544.
288
What is the greatest common divisor of 1224 and 153540?
36
Calculate the highest common factor of 114837 and 17817927.
1137
Calculate the greatest common factor of 7623 and 3317699.
847
What is the highest common factor of 5283000 and 60461?
587
What is the greatest common factor of 61308 and 158184?
468
What is the greatest common factor of 851 and 84371544?
851
What is the highest common divisor of 977746 and 3283?
49
Calculate the greatest common factor of 342 and 1233576.
18
What is the greatest common divisor of 2685 and 21991045?
895
Calculate the greatest common divisor of 3683 and 380683.
29
What is the greatest common factor of 897 and 679406039?
299
Calculate the highest common divisor of 1978992 and 1440.
144
Calculate the greatest common factor of 8204 and 125412.
28
Calculate the highest common factor of 242 and 5165182.
22
Calculate the greatest common divisor of 93 and 511763593.
31
What is the highest common factor of 1179 and 6341448?
393
What is the greatest common factor of 13623 and 152?
19
What is the highest common divisor of 7503531 and 64722?
1407
Calculate the highest common divisor of 308619 and 477.
477
What is the highest common factor of 20956 and 13598?
26
What is the highest common factor of 146080 and 12160?
160
What is the highest common divisor of 11471 and 4062603773?
11471
Calculate the greatest common factor of 9 and 20292120.
9
Calculate the greatest common divisor of 2523971 and 12728.
43
What is the highest common divisor of 3 and 9217426?
1
Calculate the highest common factor of 59041476 and 3536.
884
What is the highest common divisor of 2916 and 1475739?
243
Calculate the highest common divisor of 767 and 83611827.
13
What is the highest common divisor of 78556044 and 488?
244
What is the highest common factor of 42294 and 371885100?
6042
Calculate the highest common divisor of 32644 and 8784.
4
Calculate the greatest common factor of 105 and 2607420.
15
What is the highest common divisor of 6775 and 3114850?
25
What is the greatest common divisor of 12944853 and 2430?
243
Calculate the highest common factor of 139801875 and 750.
375
What is the greatest common divisor of 16565857 and 22?
11
What is the greatest common factor of 19212 and 374685232?
6404
What is the greatest common factor of 1877 and 35612321?
1877
Calculate the highest common factor of 2720230 and 417.
139
What is the highest common divisor of 103915086 and 4209?
183
What is the greatest common factor of 1428 and 3198363?
357
What is the highest common factor of 23068986 and 428?
214
What is the highest common divisor of 745387 and 1595?
29
What is the greatest common factor of 5389 and 316132?
17
Calculate the highest common divisor of 182 and 20754604.
26
Calculate the highest common divisor of 12355600 and 158.
158
Calculate the highest common factor of 11 and 661463.
11
Calculate the greatest common divisor of 82628 and 436618.
182
What is the greatest common divisor of 5610 and 427669?
187
Calculate the highest common divisor of 32534481 and 2303.
2303
What is the greatest common factor of 4956 and 170709?
21
What is the greatest common divisor of 30969550 and 50?
50
What is the highest common divisor of 925240 and 36?
4
What is the highest common divisor of 88 and 26565908?
4
Calculate the highest common divisor of 3807454 and 77.
7
What is the greatest common factor of 1481887 and 2979?
331
Calculate the greatest common divisor of 74 and 4141362.
2
Calculate the greatest common factor of 3872 and 284438.
22
Calculate the highest common divisor of 37632 and 188944.
784
What is the highest common divisor of 10 and 2645145?
5
Calculate the greatest common factor of 32362940 and 6100.
1220
What is the highest common factor of 19104624 and 7392?
3696
Calculate the greatest common divisor of 847378964 and 316.
316
Calculate the highest common factor of 1630 and 4115570.
10
Calculate the greatest common divisor of 1615870 and 5856950.
4630
Calculate the greatest common divisor of 609 and 93185120.
203
Calculate the greatest common divisor of 74240 and 8307920.
2320
What is the highest common factor of 11669103 and 2187?
729
Calculate the greatest common factor of 20815 and 555.
5
What is the greatest common factor of 65650 and 267800?
650
What is the highest common divisor of 128700 and 13347620?
2860
What is the highest common factor of 12361 and 21829?
263
What is the greatest common divisor of 642 and 214226733?
321
What is the highest common divisor of 79391767 and 91?
91
Calculate the greatest common divisor of 200408409 and 1881.
171
What is the highest common divisor of 16 and 3064708528?
16
Calculate the highest common divisor of 10926927 and 1971.
27
Calculate the greatest common divisor of 15190 and 85044470.
2170
Calculate the greatest common divisor of 3871401633 and 9.
9
What is the greatest common divisor of 3936555 and 28035?
315
What is the highest common divisor of 132 and 122820786?
66
What is the highest common factor of 119761 and 1132543?
943
What is the highest common divisor of 216546 and 18914?
386
Calculate the highest common factor of 23805636 and 2226678.
11658
Calculate the highest common factor of 29021600 and 880.
8